k) = -k**2 - 8*k + 9. What is the remainder when l is divided by z(-7)?
14
Let c be 1*((-16)/10)/((-2)/90). Suppose c = -5*m + 9*m. Calculate the remainder when 51 is divided by m.
15
Suppose 5*q = i + 168, -5*i + 4*i = -4*q + 134. What is the remainder when q is divided by 12?
10
Let n = -225 - -112. Let p = n + 114. What is the remainder when 1 is divided by p?
0
What is the remainder when 63/27*(1 + 0 + 20) is divided by 4?
1
Let p be 12/((2/7)/(5/35)). Let j(s) = 6*s - 14. What is the remainder when j(p) is divided by 9?
4
Suppose 0 = u - 5, -423 = -2*m - 5*u + 4*u. What is the remainder when m is divided by 30?
29
Suppose -22 = 4*n + 2*b, 6*n + b = 3*n - 14. Let d = 23 - n. Calculate the remainder when 102 is divided by d.
24
Suppose -t = -6*t - 10, 3*s + 2 = -4*t. Suppose -16 - 29 = -4*h + 5*z, 0 = -2*h - s*z. What is the remainder when 24 is divided by h?
4
Suppose 2*p - 29 + 13 = -3*k, 4 = 2*k. Suppose 0 = -2*i + 4*u + 8, p*i = 5*u + 12 - 2. Suppose -3*o + 84 - 3 = i. What is the remainder when 52 is divided by o?
25
Let f(b) = 662*b**3 - 2*b**2 + b. What is the remainder when f(1) is divided by 13?
11
Suppose 0 = 5*f - 5*j + 9*j - 758, -f = 5*j - 139. Calculate the remainder when f is divided by 20.
14
Let i be (-6)/1*216/16. Let r be i/(-2)*(-28)/(-21). Suppose 0*d + r = 3*d. Calculate the remainder when d is divided by 5.
3
Let n = 802 + -642. What is the remainder when n is divided by 27?
25
Let q(b) = -2*b**3 + 6*b**2 - b + 7. Let f be q(3). Suppose -4*h + 309 = h - a, 2*a + 252 = f*h. What is the remainder when h is divided by 16?
13
Let y be 1/(-2)*300/15. Calculate the remainder when 2890/25 + 6/y is divided by 29.
28
Suppose 2075*g - 50 = 2074*g. What is the remainder when 649 is divided by g?
49
Let l be (-84)/10*(-5 - 0). What is the remainder when ((-12)/l)/(2/(-154)) is divided by 8?
6
Suppose m = 2*b - 297, 0 = 5*b - 29*m + 28*m - 741. What is the remainder when 733 is divided by b?
141
What is the remainder when 103 is divided by (117/(-13) - -62) + (-3)/1?
3
Let k(u) = -200*u + 1109. Calculate the remainder when k(-5) is divided by 33.
30
Suppose -w = 4*z - 11 - 21, -5*w = z - 65. Suppose -14*j + 64 = -230. What is the remainder when j is divided by w?
9
Let y = -855 - -1300. Calculate the remainder when y is divided by 32.
29
Suppose 2*d - 4*d + t - 298 = 0, 5*d - 2*t + 744 = 0. Let f = d + 159. What is the remainder when (-2)/2 - -32 - -1 is divided by f?
10
Let j(v) = 8*v**2 + 4*v + 6. Let n be j(-2). Suppose 0 = -9*d + 24 + n. What is the remainder when 22 is divided by d?
4
Suppose -y + 220 = 11. Suppose y = 3*h + 41. Calculate the remainder when h is divided by 20.
16
Suppose -3*x = -3*w + 225 + 195, 5*w - x - 712 = 0. Suppose -59 = -i + 5*f, 4*i + 4*f = w - 3. Calculate the remainder when i is divided by 14.
11
Let r(o) = -2*o - 6*o + 1 - 14*o. Calculate the remainder when r(-1) is divided by 10.
3
Suppose -57 + 21 = -v. Suppose -f = -v - 23. Let p = -36 + f. What is the remainder when 66 is divided by p?
20
Suppose -28 = -2*c - 0*c. What is the remainder when (66/(-4))/((-1)/(10/3)) is divided by c?
13
Let r = -1767 + 1821. Calculate the remainder when r is divided by 3*((-28)/(-3))/1.
26
Suppose 0 = -6*l + 4*l - 3*k + 724, -1075 = -3*l + k. What is the remainder when l is divided by 10?
9
Let w be (-15)/(-5)*8/6. Suppose -81 + 1 = -2*t - w*f, 0 = 2*t + 5*f - 78. What is the remainder when 86 is divided by t?
42
Let q = 12 + -23. Let u(c) = -c - 8. Let t be u(q). Suppose 19 = r - t*j - 27, 2*r - 104 = 2*j. Calculate the remainder when r is divided by 14.
13
Let p(j) = 37*j + 28. Calculate the remainder when p(20) is divided by 70.
68
Calculate the remainder when (21/56)/(7/56) - -569 is divided by 64.
60
Suppose o = -1, 0 = -4*v - 2*o + 197 + 201. What is the remainder when v is divided by ((-13)/(-2))/((-1)/(-2))?
9
Let s be 18/(-8)*(-5 - -1). Let y = -2 + s. Calculate the remainder when y is divided by 26/10 - 4/(-10).
1
Let w(y) = 6*y + 4*y - 36 - 13*y + 4. What is the remainder when 35 is divided by w(-17)?
16
Suppose 0 = 5*u + 31*y - 27*y - 22, y = -3*u + 16. Let l be (-3 - -5)/(2/(-2)). Let t = l - -12. Calculate the remainder when t is divided by u.
4
Let c(l) = l**3 - 11*l**2 + 32*l - 19. What is the remainder when 28 is divided by c(7)?
1
Let f(p) = 6*p + 1. Let b(k) = 17*k + 3. Let y(s) = -4*b(s) + 11*f(s). Calculate the remainder when 25 is divided by y(-5).
7
Suppose 3*t = u - 42, 5*u + t + 4*t - 110 = 0. Let n = 20 - 17. What is the remainder when u is divided by (-552)/(-36) - 4/n?
13
Let z = -48 + 56. Suppose -5*m + 33 = -3*j, 0 = -3*j + j + z. Calculate the remainder when 42 is divided by m.
6
Let u(v) = -24*v - 176. What is the remainder when 509 is divided by u(-10)?
61
Suppose 7*p + 14*p = 1764. What is the remainder when 503 is divided by p?
83
Let a(g) = -5*g**3 - 14*g**2 - 26*g - 30. What is the remainder when a(-6) is divided by 19?
18
Let n(z) = z + 12. Suppose -2*b + 5 = -2*x + 3*b, 3*x + 3*b = 3. Let f be n(x). Suppose -4*a = f - 52. Calculate the remainder when 38 is divided by a.
8
Suppose j + g - 26 = -0*j, -2*j + g = -40. Let a = -30 + 38. Calculate the remainder when j is divided by a.
6
Let y(x) = 16*x + 13. Let s be y(8). Suppose -6*g + 9*g = -s. Let a = g - -90. What is the remainder when a is divided by 11?
10
Let h = 37 + -30. Suppose h + 5 = 3*j. Calculate the remainder when 21 is divided by j.
1
Let o(s) = -s + 61. Calculate the remainder when o(9) is divided by 14.
10
Let j be 535/(-7) - 30/(-70). Let x = j + 78. What is the remainder when 2 is divided by x?
0
Suppose 24*s = -10*s + 272. What is the remainder when 24 is divided by s?
0
Let k = -22 - -17. What is the remainder when k/20 + 201/4 is divided by (1 - 2) + 13 + 1?
11
Let g = 119 - 109. Calculate the remainder when 37 is divided by g.
7
Suppose 27*a + 130 = 32*a. What is the remainder when 129 is divided by a?
25
Suppose -3*f - 4*d = -0*f - 296, 0 = 4*d + 4. Suppose 2*p = 7*p + 470. Let s = 128 + p. What is the remainder when f is divided by s?
32
Let r(o) = -4*o - 224 + o + 199. What is the remainder when 19 is divided by r(-11)?
3
Let n(a) = a**2 - 10*a + 29. Let q be n(6). What is the remainder when 153 is divided by 9/(-15) + (292/q)/4?
13
Let t = 5 + 0. Let v(c) = -2*c**2 - t*c + c**2 + 5 + 2*c**2 + 20*c. Calculate the remainder when 60 is divided by v(-16).
18
Suppose 2*v + 0*v = 894. Calculate the remainder when v is divided by 64.
63
Let x be (8/(-4) + 3)*1. Suppose -29 = -2*c + r, -9 - x = -c - r. Calculate the remainder when 35 is divided by c.
9
Let p(h) = 8*h - 144. Calculate the remainder when 107 is divided by p(22).
11
Let d(v) = 2*v**2 - 10*v - 6. Let p(w) = w**2 - 10*w + 12. Calculate the remainder when d(8) is divided by p(10).
6
Calculate the remainder when 6 + (-3 - 1 - -3*251) is divided by 27.
26
Let k(c) = 39 + 17*c - 32*c + 17*c. What is the remainder when 18 is divided by k(-17)?
3
Let a(j) = -28*j + 190. Calculate the remainder when 325 is divided by a(6).
17
Let c = -25 - -28. Suppose u + 5*p - 44 = -2*u, -40 = -c*u - 4*p. Let r = -7 - -29. Calculate the remainder when r is divided by u.
6
Suppose -3*b + b + 20 = 0. Let n be (1 - 2)/((-14)/350). Let h = 54 - n. Calculate the remainder when h is divided by b.
9
Suppose -2*j + 4 = -3*c, -j + 15 = c + 4*c. Suppose 4*v - 180 = -4*l, -4*l + 105 = j*v - 76. Calculate the remainder when l is divided by 1*(0 + 3) - -20.
21
Let y(i) = -7 - 2 + i**3 - 7*i**2 - 2 + 2*i. Suppose -7 + 43 = 4*a. What is the remainder when a is divided by y(7)?
0
Let b be 703 + -6*(-4)/6. What is the remainder when 141 is divided by 2/(8/(-10) + b/840)?
45
Suppose 56 = -4*f + 356. What is the remainder when f is divided by ((-52)/3)/((-40)/30)?
10
Calculate the remainder when 10/(-3)*(2376/10)/(-6) is divided by 49.
34
Let q = 395 + -316. What is the remainder when q is divided by 21?
16
Let c(y) = 22*y - 265. Calculate the remainder when c(19) is divided by 50.
3
Let a = 56 + 28. Suppose -2*x = 12*x - a. What is the remainder when 88 is divided by x?
4
Let b(g) be the second derivative of g**5/20 + 13*g**4/12 + 2*g**3 + 7*g**2/2 - 13*g. Calculate the remainder when b(-12) is divided by 7.
0
Suppose 40*i + 897 = 49*i + 60*i. Suppose -3*o + r = -305, 3*r - 6*r = -3